mposite number?
True
Suppose -43526 = -3*y - 5*j + 45882, 4*y + j - 119205 = 0. Is y composite?
True
Suppose -31605 = -4*o + r, -3*o + 2*r + 0*r = -23705. Is o composite?
False
Let g(f) = -114*f - 101. Is g(-5) prime?
False
Let w = -35 + 67. Suppose 28*q = w*q - 14084. Is q a composite number?
True
Suppose -4*c + 20821 = -15855. Is c composite?
True
Let k(w) = w**2 - w + 2. Let a(i) = -i**3 + i**2 + i - 1. Let r be a(1). Let t be k(r). Suppose 63 - 465 = -t*b. Is b prime?
False
Let l(d) = d**2 + 2*d - 6. Let c be l(-4). Suppose -5*o - x + 2*x = -1325, c*x + 530 = 2*o. Is o composite?
True
Suppose 0 = -16*i + 16937 + 23111. Is i a prime number?
True
Let y(k) = 22*k**2 + 4*k - 17. Is y(14) composite?
True
Let j(h) = -3*h**3 + 3*h**2 - 6*h + 17. Suppose -7*q - 23 = 19. Is j(q) a composite number?
False
Let u(b) = -b + 8. Let l be u(5). Suppose -l*s - 8 + 5 = 0. Is 1*((-165)/s + -2) prime?
True
Suppose 4*o - o - 213 = 0. Let w be (6/5)/((-4)/400). Let m = o - w. Is m composite?
False
Let a(n) = -27*n**3 + 3*n + 1. Let y be -4 + 100/55 + 4/22. Is a(y) a prime number?
True
Suppose -51 - 73 = -4*m. Let j = m - 28. Suppose -1195 = 2*z - j*z. Is z a prime number?
False
Suppose n - 2*v - 15691 = 0, 26*n - 29*n + 5*v + 47072 = 0. Is n a composite number?
True
Let i(j) = 19*j**3 - 13*j + 7. Is i(5) prime?
False
Let m(l) = 3 + 1 - 3 - 19*l - 14*l. Let p = -16 + 14. Is m(p) a composite number?
False
Let l = -104 - -1359. Suppose 1002 = 2*j + 2*y, 5*j = -4*y + l + 1255. Suppose -4*b = -2*o - j, -256 = -5*b + 3*b - 2*o. Is b a prime number?
True
Let d(v) = 1227*v + 22. Is d(25) prime?
True
Let g(w) = 17*w + 11. Let b be g(1). Is (-3861)/(-7) + b/(-49) a prime number?
False
Let t = -3 + 9. Suppose 11*p - 18 = 2*p. Suppose -p*m + 3*w + 146 = t*w, -5*w = -3*m + 181. Is m composite?
False
Let d(j) = 40*j**2 + 1. Let l be d(-2). Let v = 104 - 174. Let b = l + v. Is b a prime number?
False
Let a = 916 + -233. Is a prime?
True
Suppose -5*t = -5071 + 1226. Is t a composite number?
False
Let x(i) = 3*i**2 + 2*i - 8. Let r = -7 + 13. Let h be x(r). Let t = h + -35. Is t prime?
False
Suppose -4*c = -3*c + 22. Is 8556/132 + (-4)/c composite?
True
Suppose -15*r = -3*j - 20*r + 3986, -5*j = 4*r - 6665. Is j a composite number?
True
Let r(c) = -c**3 + 1. Let d(h) = 4*h**3 - 2*h**2 - h - 1. Let q(y) = -d(y) - r(y). Let u be q(-1). Let o(k) = 4*k - 5. Is o(u) prime?
True
Let u = 1647 + 314. Is u a prime number?
False
Let i(h) = -2 + 12 - 13 + 34*h. Is i(1) a prime number?
True
Suppose -3*s - 2*p - 79 = 0, -69 = 4*s - s - 3*p. Is ((-4666)/(-5))/((-10)/s) a composite number?
False
Suppose 0 = -4*q + 214 + 386. Suppose -7 - q = -h. Is h composite?
False
Let f(b) = -3 - 6*b**3 + 8*b + 5*b**2 + 2*b + 0*b**3 - 7*b. Is f(-4) prime?
True
Let c = 6562 - 3080. Is c a composite number?
True
Suppose -3*u = 2*s - 9, 4*s - 2*s = 3*u - 21. Suppose u*k - 2*z = 3*z + 1035, 0 = -4*k - 2*z + 852. Is k a composite number?
False
Suppose -2*z + 0*m + m = -16, m - 12 = -2*z. Let l(f) = 9*f + 13 - z*f + 33*f. Is l(3) a composite number?
True
Let y(q) = q**3 - 35*q**2 + 88*q + 50. Is y(38) a prime number?
False
Let t(a) = a**3 - 11*a**2 - 13*a + 12. Let b be t(12). Suppose b = 5*c + 556 - 3941. Is c*(-4 - -3)*-1 a prime number?
True
Let t(f) = -f**3 - 7*f**2 + 8*f + 5. Let r be (8/1*-1)/1. Let g be t(r). Suppose g*c + 154 = 509. Is c a composite number?
False
Let r(m) = 76*m**2 + 9*m - 10. Is r(9) prime?
False
Suppose 4*f - f = 0. Let r be (-117)/(-36) - (-6)/8. Suppose -3*o + r*k + 79 = f, 2*o + 4*k - 8 - 18 = 0. Is o a prime number?
False
Let n(a) = -5*a**3 - 2*a**2 - 5*a - 29. Is n(-7) a composite number?
True
Let j = 2172 + -1223. Suppose 168 - j = -t. Is t prime?
False
Suppose -5 = 5*t, -3*h + 4*t - 8 = -5*h. Let s(n) = n**3 - 5*n**2 - 7*n + 9. Let q be s(h). Suppose -370 = -5*y + 4*i, 0 = i + q*i. Is y prime?
False
Suppose 0 = 5*j - 24 - 16. Let a(m) = -m**2 + 8*m + 4. Let f be a(j). Suppose -f*h + 827 = -825. Is h a composite number?
True
Suppose -75857 = -20*h + 2883. Is h a prime number?
False
Let s(y) = -16*y**2 - 10*y + 2. Suppose 18 = -2*j + 3*i + i, 4*i = -j - 3. Let f be s(j). Is 3/(-9) - f/12 a prime number?
True
Let c(q) = 3*q**2 - 22*q + 10. Let l be c(9). Let m(u) = -u + 9. Let d be m(0). Let f = l - d. Is f a prime number?
False
Let y(j) = 45*j - 28. Let v(u) = 4 - 8 + 28 + 4*u - 3*u. Let n be v(-11). Is y(n) a composite number?
False
Suppose -11 = -c - 4*u + 6, 2*c - 4*u = 22. Suppose -c - 6 = -p. Is p a composite number?
False
Suppose -2*y + 3*y - 2*b = -10, -5*b + 18 = y. Is 37 + (-2 - 4/y) a prime number?
True
Suppose -5*n + 4 = -21. Let q(h) = 3*h**3 - h**2 + 9*h + 2. Is q(n) prime?
True
Suppose -394 + 1394 = -5*m - 2*o, -4*m - 800 = 2*o. Is 3 + -4 - (-4 + m) composite?
True
Suppose 2*t - 10 = 0, 4 - 24 = -2*f + 2*t. Let d(c) = -c**3 + 15*c**2 + 31*c - 16. Is d(f) a composite number?
False
Is (-9050664)/(-96) + 5/4 a prime number?
False
Suppose 4*z = 4*a + 4, 2*z + 2*a + 2*a = 8. Suppose -144 + 18 = z*k. Let w = k + 224. Is w a prime number?
False
Let k(t) = -t**3 + 2*t**2 - 1. Let y be k(1). Suppose -4*u + 0*u - 16 = y, h - 3*u - 5 = 0. Let f(v) = -2*v**3 - 6*v**2 - 5*v + 4. Is f(h) composite?
False
Let d be 92/22 - 6/33. Let u(z) = 10 + 2*z + z + 4*z - d*z. Is u(8) prime?
False
Let p(i) = i - 10. Let o be p(8). Let a(u) = u**3 + 2*u**2 + 2*u + 2. Let t be a(o). Is (1/(-2))/(t/28) a prime number?
True
Suppose 2*z + 4*k - 6 = 0, 6*k - k = 2*z - 15. Suppose 4*s - 4*f = f + 1627, -s + 418 = -z*f. Is s composite?
True
Suppose -h + 2*c + 29516 = 7741, 4*h = 2*c + 87130. Is h a composite number?
True
Let t = 301 + -65. Suppose 31 = -5*y - 4*c + t, -3*y + 86 = -5*c. Is y a composite number?
False
Let x(o) = -9*o**2 - 2*o + 10. Let m(c) = 19*c**2 + 4*c - 20. Let f(s) = 2*m(s) + 5*x(s). Let y(g) = g**2 - g + 1. Let q(t) = -f(t) + 4*y(t). Is q(3) composite?
True
Suppose 4*x + 2*g = 1248, 0 = -x + 2*x + 4*g - 305. Suppose 2*z + x = 5*o, -179 = -z + 2*z + 5*o. Let d = -82 - z. Is d prime?
False
Is -3 + (0/(-6) - -401) composite?
True
Is 1*(80/8 + 8257) composite?
True
Suppose 8*d = 3*d + 595. Let x = d - 84. Is x a prime number?
False
Suppose 50312 = 4*z + 4*z. Is z composite?
True
Let z(f) = 28*f**2 - 121*f - 33. Is z(14) prime?
True
Let h(i) = 52*i**2 - 10*i + 35. Is h(6) a composite number?
False
Let x = 999 - -815. Is x a composite number?
True
Suppose 3*r = 2*c + 21357, 2*c - 951 = -r + 6176. Is r composite?
False
Let m(u) be the second derivative of u**4/4 + 7*u**3/2 + 51*u**2/2 - 42*u - 1. Is m(20) prime?
False
Let l(t) = 97*t**2 - 2*t - 22. Is l(9) composite?
False
Let r(m) = -634*m - 87. Is r(-26) composite?
True
Suppose p = 5*p - 6000. Let m be (p/35)/(3/(-21)). Is (-3)/(-6)*(-2 - m) composite?
False
Let t(s) = -1512*s**2 + 4*s. Let y be t(-2). Let g = 2211 - y. Is g composite?
True
Let b(z) = -z**3 + 9*z**2 - z - 6. Let p be b(9). Let o be (-2)/(-3)*p/(-2). Suppose 0*k + 4535 = o*k. Is k prime?
True
Suppose -f - 3*f = 0. Suppose k - 5*k = f. Suppose -222 = -v + 5*b, 4*b + k*b = 12. Is v a prime number?
False
Let w(b) = 3*b**2 + 2*b + 1. Let r be w(-1). Suppose 174 + 94 = -r*p. Is 2 - (p - -3 - -2) a composite number?
False
Let g(v) = v**3 - 9*v**2 + 6*v - 14. Suppose -5*q = 4*k - 30, -q = -3*q - 4*k. Is g(q) prime?
False
Is (-2)/(245712/122862 + -2) a prime number?
True
Let z = 27559 + -19356. Is z composite?
True
Let o(a) be the first derivative of -103*a**2/2 - 59*a - 2. Is o(-7) a prime number?
False
Let v = 15448 + 999. Is v a prime number?
True
Suppose -3*u = 3*u - 7512. Suppose x - u = -x. Is x prime?
False
Let n = -43 + 45. Suppose -3*p = -2*w - w + 963, n*w = -5*p + 614. Is w composite?
False
Suppose 3*m - 113137 = -2*o, -3*m + 52425 = -3*o + 222123. Is o a prime number?
False
Let i(s) = -51*s**2 + 2*s - 3. Let t(n) = -51*n**2 + 2*n - 2. Let b(r) = -4*i(r) + 5*t(r). Let d be b(2). Let h = 557 + d. Is h a prime number?
True
Let t(h) = -4*h - 8. Let n be t(-5). Let g(k) = k**2 - 10*k - 10. Is g(n) a composite number?
True
Let h = 5 + -1. Suppose 0*s - 380 = -h*s. Suppose n - 45 = 2*x, -269 + s = -4*n + 2*x. Is n prime?
True
Let f(v) = 42*v + 12. Let j be f(8). Suppose 0*i + j = -3*i. Let o = i + 211. Is o prime?
False
Let g(p) = 2*p**3 - 2*p**2 - 10*p - 121. Is g(15